{"id":102,"date":"2016-07-12T13:07:35","date_gmt":"2016-07-12T11:07:35","guid":{"rendered":"http:\/\/www.stimmschmiede.at\/start\/?page_id=102"},"modified":"2016-09-09T08:59:30","modified_gmt":"2016-09-09T06:59:30","slug":"willkommen","status":"publish","type":"page","link":"https:\/\/www.stimmschmiede.at\/start\/","title":{"rendered":"Willkommen"},"content":{"rendered":"<h1 style=\"padding-left: 30px;\"><img fetchpriority=\"high\" decoding=\"async\" class=\"alignnone size-full wp-image-178\" src=\"http:\/\/www.stimmschmiede.at\/start\/wp-content\/uploads\/2016\/07\/StimmSchmiedeBanner_210x120.jpg\" alt=\"StimmSchmiedeBanner.indd\" width=\"595\" height=\"340\" srcset=\"https:\/\/www.stimmschmiede.at\/start\/wp-content\/uploads\/2016\/07\/StimmSchmiedeBanner_210x120.jpg 595w, https:\/\/www.stimmschmiede.at\/start\/wp-content\/uploads\/2016\/07\/StimmSchmiedeBanner_210x120-300x171.jpg 300w\" sizes=\"(max-width: 595px) 100vw, 595px\" \/><\/h1>\n<h1 style=\"padding-left: 30px;\"><\/h1>\n<p>&nbsp;<\/p>\n<h1 style=\"padding-left: 30px;\"><span style=\"color: #3766a8;\">HALTUNG<\/span><\/h1>\n<p style=\"padding-left: 30px;\">Wie finden Sie Ihre \u201eWohlf\u00fchl-Haltung\u201c beim Sprechen im Stehen und im Sitzen? Worauf kommt es bei der K\u00f6rperhaltung an, und wie beeinflusst sie Ihr Sprechverhalten?<\/p>\n<hr \/>\n<h1 style=\"padding-left: 30px;\"><span style=\"color: #3766a8;\">ATEM<\/span><\/h1>\n<p style=\"padding-left: 30px;\">Sprechen ist ausatmen. Wie unterst\u00fctzt Sie der Atem beim Sprechen?<br \/>\nWie kommen Sie schnell, m\u00fche- und ger\u00e4uschlos zu Atem? Lassen Sie sich inspirieren!<\/p>\n<hr \/>\n<h1 style=\"padding-left: 30px;\"><span style=\"color: #3766a8;\">STIMME<\/span><\/h1>\n<p style=\"padding-left: 30px;\">Die Stimme spiegelt die Pers\u00f6nlichkeit wieder! Den authentischen Eigenton in der Stimme zu finden und zu kennen, hilft, die Stimme als Pers\u00f6nlichkeitsmotor einzusetzen.<\/p>\n<hr \/>\n<h1 style=\"padding-left: 30px;\"><span style=\"color: #3766a8;\">ARTIKULATION<\/span><\/h1>\n<p style=\"padding-left: 30px;\">Was n\u00fctzt Ihnen die magischste Stimme, wenn Ihre Aussprache nicht deutlich ist?<br \/>\nFinden Sie heraus, wie Sie Ihre Artikulation verbessern k\u00f6nnen, um Ihrer Sprechweise vollste Wirkung angedeihen zu lassen.<\/p>\n<hr \/>\n<h4 style=\"padding-left: 30px;\"><span style=\"color: #3766a8;\">Sie bestimmen, ob Ihre Stimme stimmt!<\/span><\/h4>\n<p style=\"padding-left: 30px;\">Wir wollen Botschaften \u00fcbermitteln, wollen meinungsbildend sein. Wir wollen<br \/>\nkompetent \u00fcberzeugen und glaubw\u00fcrdig erlebt werden. Unsere Aussagen sollen unsere Zuh\u00f6rer erreichen, wir wollen ankommen, ber\u00fchren, mitrei\u00dfen.<\/p>\n<p style=\"padding-left: 30px;\">Auf den Inhalt unserer Botschaften bereiten wir uns vor, auf die Rhetorik achten wir.<br \/>\nUnser stimmliches Potential jedoch nehmen wir zur\u00fcck und ahnen gar nicht, welche M\u00f6glichkeiten darin f\u00fcr unsere Pers\u00f6nlichkeit, unsere Ausstrahlung, f\u00fcr unser Charisma stecken.<\/p>\n<p style=\"padding-left: 30px;\">K\u00f6nnen wir nun an unserer Stimme etwas \u00e4ndern? Gar verbessern?<\/p>\n<p style=\"padding-left: 30px;\">Wenn ja, wie? Und warum?<\/p>\n<h4 style=\"padding-left: 30px;\"><span style=\"color: #3766a8;\">Lernen wir<\/span><\/h4>\n<ul>\n<li>Wie wir lange und enthusiastisch sprechen k\u00f6nnen, ohne heiser zu werden<\/li>\n<li>Wie wir locker und entspannt pr\u00e4sentieren<\/li>\n<li>Wie wir eine klare, raumf\u00fcllende Stimme, eine lebendige Sprechweise erhalten<\/li>\n<li>Was wir stimmlich tun k\u00f6nnen, um stimmig zu werden<\/li>\n<li>Unsere nat\u00fcrliche Stimmlage kennen<\/li>\n<li>Das bewusste Einsetzen von Pausen<\/li>\n<li>Partnerorientiertes Sprechen<\/li>\n<li>Den optimalen Gebrauch und Einsatz unserer Stimme<\/li>\n<\/ul>\n<h4 style=\"padding-left: 30px;\"><span style=\"color: #3766a8;\">Erfahren und erleben wir<\/span><\/h4>\n<ul>\n<li>Die Magie unserer eigenen Stimmlage<\/li>\n<li>Wie wir Resonanzen ausbauen<\/li>\n<li>Wie wir offen und kommunikativ wirken<\/li>\n<li>Wo unsere Stimme sitzt<\/li>\n<li>Das Entwickeln und Verbessern von Lautst\u00e4rke, Tempo, Deutlichkeit, Melodie, Sprechrhythmus, Stimmkraft<\/li>\n<li>Wie unsere Stimme auf unsere Zuh\u00f6rer wirkt<\/li>\n<\/ul>\n<p style=\"padding-left: 30px;\">Wir erhalten das Werkzeug zur Kr\u00e4ftigung und Entfaltung unserer Stimme, das uns hilft, uns auch in sprechtechnischen Stress- und Krisensituationen zu entlasten.<\/p>\n<hr \/>\n<h4 style=\"padding-left: 30px;\"><em>\u201eWer deutlich spricht, riskiert verstanden zu werden.\u201c<\/em><\/h4>\n<p style=\"padding-left: 30px; text-align: right;\"><em>(Norbert Stoffel)<\/em><\/p>\n","protected":false},"excerpt":{"rendered":"<p>&nbsp; HALTUNG Wie finden Sie Ihre \u201eWohlf\u00fchl-Haltung\u201c beim Sprechen im Stehen und im Sitzen? Worauf kommt es bei der K\u00f6rperhaltung an, und wie beeinflusst sie Ihr Sprechverhalten? ATEM Sprechen ist ausatmen. Wie unterst\u00fctzt Sie der Atem beim Sprechen? Wie kommen Sie schnell, m\u00fche- und ger\u00e4uschlos zu Atem? Lassen Sie sich inspirieren! STIMME Die Stimme spiegelt [&hellip;]<\/p>\n","protected":false},"author":1,"featured_media":0,"parent":0,"menu_order":0,"comment_status":"closed","ping_status":"closed","template":"","meta":{"footnotes":""},"_links":{"self":[{"href":"https:\/\/www.stimmschmiede.at\/start\/wp-json\/wp\/v2\/pages\/102"}],"collection":[{"href":"https:\/\/www.stimmschmiede.at\/start\/wp-json\/wp\/v2\/pages"}],"about":[{"href":"https:\/\/www.stimmschmiede.at\/start\/wp-json\/wp\/v2\/types\/page"}],"author":[{"embeddable":true,"href":"https:\/\/www.stimmschmiede.at\/start\/wp-json\/wp\/v2\/users\/1"}],"replies":[{"embeddable":true,"href":"https:\/\/www.stimmschmiede.at\/start\/wp-json\/wp\/v2\/comments?post=102"}],"version-history":[{"count":10,"href":"https:\/\/www.stimmschmiede.at\/start\/wp-json\/wp\/v2\/pages\/102\/revisions"}],"predecessor-version":[{"id":192,"href":"https:\/\/www.stimmschmiede.at\/start\/wp-json\/wp\/v2\/pages\/102\/revisions\/192"}],"wp:attachment":[{"href":"https:\/\/www.stimmschmiede.at\/start\/wp-json\/wp\/v2\/media?parent=102"}],"curies":[{"name":"wp","href":"https:\/\/api.w.org\/{rel}","templated":true}]}}